{"id":643,"date":"2022-07-13T10:03:46","date_gmt":"2022-07-13T10:03:46","guid":{"rendered":"https:\/\/hopeboutique.net\/?post_type=product&#038;p=643"},"modified":"2026-03-31T02:28:44","modified_gmt":"2026-03-31T02:28:44","slug":"automatisation-de-votre-business","status":"publish","type":"product","link":"https:\/\/hopeboutique.net\/index.php\/produit\/automatisation-de-votre-business\/","title":{"rendered":"Automatisation de votre business"},"content":{"rendered":"<p><strong>Joyce K,<\/strong><\/p>\n<p>Merci \u00e0 toute l&rsquo;\u00e9quipe <strong>JBK INVESTMENT GROUP, <\/strong>aujourd&rsquo;hui gr\u00e2ce \u00e0 l&rsquo;automatisation de mon business par votre \u00e9quipe, je commence \u00e0 r\u00e9colter les fruits de mon travail.<\/p>\n<p>Respectueusement!<\/p>\n","protected":false},"excerpt":{"rendered":"<p>Si vous voulez automatiser votre business et que vous ne savez pas comment proc\u00e9der :<\/p>\n<p>Notre \u00e9quipe d&rsquo;expert est\u00a0 \u00e0 votre service pour automatiser de A \u00e0 Z votre business avec SYSTEME IO.<\/p>\n<p dir=\"ltr\">Nous allons le faire\u00a0 en 4 <strong>\u00e9tapes \u00e0 savoir :<\/strong><\/p>\n<p dir=\"ltr\"><strong>La Visibilit\u00e9 ;<\/strong><\/p>\n<p dir=\"ltr\"><strong>L<\/strong>&lsquo;<strong>Int\u00e9r\u00eat ;<\/strong><\/p>\n<p dir=\"ltr\"><strong>La<\/strong> <strong>D\u00e9cision ;<\/strong><\/p>\n<p dir=\"ltr\"><strong>L<\/strong>&lsquo;<strong>Achat .<\/strong><\/p>\n<p dir=\"ltr\">Si vous\u00a0 voulez avoir une plus value dans votre business et gagner :<\/p>\n<p dir=\"ltr\">En \u00e9nergie et en argent, je vous sugg\u00e8re d\u2019acc\u00e9der \u00e0 l&rsquo;expertise de mon \u00e9quipe pour automatiser votre business<\/p>\n","protected":false},"featured_media":637,"comment_status":"open","ping_status":"closed","template":"","meta":{"_eb_attr":"","om_disable_all_campaigns":false,"postBodyCss":"","postBodyMargin":[],"postBodyPadding":[],"postBodyBackground":{"backgroundType":"classic","gradient":""},"_joinchat":[]},"product_brand":[],"product_cat":[17],"product_tag":[],"class_list":{"0":"post-643","1":"product","2":"type-product","3":"status-publish","4":"has-post-thumbnail","6":"product_cat-creation","8":"first","9":"instock","10":"shipping-taxable","11":"purchasable","12":"product-type-simple"},"yoast_head":"<!-- This site is optimized with the Yoast SEO plugin v25.7 - https:\/\/yoast.com\/wordpress\/plugins\/seo\/ -->\n<title>Automatisation de votre business - hopeboutique.net<\/title>\n<meta name=\"robots\" content=\"index, follow, max-snippet:-1, max-image-preview:large, max-video-preview:-1\" \/>\n<link rel=\"canonical\" href=\"https:\/\/hopeboutique.net\/index.php\/produit\/automatisation-de-votre-business\/\" \/>\n<meta property=\"og:locale\" content=\"fr_FR\" \/>\n<meta property=\"og:type\" content=\"article\" \/>\n<meta property=\"og:title\" content=\"Automatisation de votre business - hopeboutique.net\" \/>\n<meta property=\"og:description\" content=\"Si vous voulez automatiser votre business et que vous ne savez pas comment proc\u00e9der :  Notre \u00e9quipe d&#039;expert est\u00a0 \u00e0 votre service pour automatiser de A \u00e0 Z votre business avec SYSTEME IO. Nous allons le faire\u00a0 en 4 \u00e9tapes \u00e0 savoir : La Visibilit\u00e9 ; L&#039;Int\u00e9r\u00eat ; La D\u00e9cision ; L&#039;Achat . Si vous\u00a0 voulez avoir une plus value dans votre business et gagner : En \u00e9nergie et en argent, je vous sugg\u00e8re d\u2019acc\u00e9der \u00e0 l&#039;expertise de mon \u00e9quipe pour automatiser votre business\" \/>\n<meta property=\"og:url\" content=\"https:\/\/hopeboutique.net\/index.php\/produit\/automatisation-de-votre-business\/\" \/>\n<meta property=\"og:site_name\" content=\"hopeboutique.net\" \/>\n<meta property=\"article:publisher\" content=\"https:\/\/www.facebook.com\/HopeBoutique.entreprise\" \/>\n<meta property=\"article:modified_time\" content=\"2026-03-31T02:28:44+00:00\" \/>\n<meta property=\"og:image\" content=\"https:\/\/hopeboutique.net\/wp-content\/uploads\/2022\/07\/Decouvrez-notre-boutique-en-ligne-1-1024x576.png\" \/>\n\t<meta property=\"og:image:width\" content=\"1024\" \/>\n\t<meta property=\"og:image:height\" content=\"576\" \/>\n\t<meta property=\"og:image:type\" content=\"image\/png\" \/>\n<meta name=\"twitter:card\" content=\"summary_large_image\" \/>\n<script type=\"application\/ld+json\" class=\"yoast-schema-graph\">{\"@context\":\"https:\/\/schema.org\",\"@graph\":[{\"@type\":\"WebPage\",\"@id\":\"https:\/\/hopeboutique.net\/index.php\/produit\/automatisation-de-votre-business\/\",\"url\":\"https:\/\/hopeboutique.net\/index.php\/produit\/automatisation-de-votre-business\/\",\"name\":\"Automatisation de votre business - hopeboutique.net\",\"isPartOf\":{\"@id\":\"https:\/\/hopeboutique.net\/#website\"},\"primaryImageOfPage\":{\"@id\":\"https:\/\/hopeboutique.net\/index.php\/produit\/automatisation-de-votre-business\/#primaryimage\"},\"image\":{\"@id\":\"https:\/\/hopeboutique.net\/index.php\/produit\/automatisation-de-votre-business\/#primaryimage\"},\"thumbnailUrl\":\"https:\/\/hopeboutique.net\/wp-content\/uploads\/2022\/07\/Decouvrez-notre-boutique-en-ligne-1.png\",\"datePublished\":\"2022-07-13T10:03:46+00:00\",\"dateModified\":\"2026-03-31T02:28:44+00:00\",\"breadcrumb\":{\"@id\":\"https:\/\/hopeboutique.net\/index.php\/produit\/automatisation-de-votre-business\/#breadcrumb\"},\"inLanguage\":\"fr-FR\",\"potentialAction\":[{\"@type\":\"ReadAction\",\"target\":[\"https:\/\/hopeboutique.net\/index.php\/produit\/automatisation-de-votre-business\/\"]}]},{\"@type\":\"ImageObject\",\"inLanguage\":\"fr-FR\",\"@id\":\"https:\/\/hopeboutique.net\/index.php\/produit\/automatisation-de-votre-business\/#primaryimage\",\"url\":\"https:\/\/hopeboutique.net\/wp-content\/uploads\/2022\/07\/Decouvrez-notre-boutique-en-ligne-1.png\",\"contentUrl\":\"https:\/\/hopeboutique.net\/wp-content\/uploads\/2022\/07\/Decouvrez-notre-boutique-en-ligne-1.png\",\"width\":1920,\"height\":1080},{\"@type\":\"BreadcrumbList\",\"@id\":\"https:\/\/hopeboutique.net\/index.php\/produit\/automatisation-de-votre-business\/#breadcrumb\",\"itemListElement\":[{\"@type\":\"ListItem\",\"position\":1,\"name\":\"Accueil\",\"item\":\"https:\/\/hopeboutique.net\/\"},{\"@type\":\"ListItem\",\"position\":2,\"name\":\"Boutique\",\"item\":\"https:\/\/hopeboutique.net\/index.php\/boutique\/\"},{\"@type\":\"ListItem\",\"position\":3,\"name\":\"Automatisation de votre business\"}]},{\"@type\":\"WebSite\",\"@id\":\"https:\/\/hopeboutique.net\/#website\",\"url\":\"https:\/\/hopeboutique.net\/\",\"name\":\"hopeboutique.net\",\"description\":\"Construisez votre avenir ici\",\"publisher\":{\"@id\":\"https:\/\/hopeboutique.net\/#organization\"},\"potentialAction\":[{\"@type\":\"SearchAction\",\"target\":{\"@type\":\"EntryPoint\",\"urlTemplate\":\"https:\/\/hopeboutique.net\/?s={search_term_string}\"},\"query-input\":{\"@type\":\"PropertyValueSpecification\",\"valueRequired\":true,\"valueName\":\"search_term_string\"}}],\"inLanguage\":\"fr-FR\"},{\"@type\":\"Organization\",\"@id\":\"https:\/\/hopeboutique.net\/#organization\",\"name\":\"hopeboutique.net\",\"url\":\"https:\/\/hopeboutique.net\/\",\"logo\":{\"@type\":\"ImageObject\",\"inLanguage\":\"fr-FR\",\"@id\":\"https:\/\/hopeboutique.net\/#\/schema\/logo\/image\/\",\"url\":\"https:\/\/hopeboutique.net\/wp-content\/uploads\/2022\/07\/logo-2.png\",\"contentUrl\":\"https:\/\/hopeboutique.net\/wp-content\/uploads\/2022\/07\/logo-2.png\",\"width\":108,\"height\":153,\"caption\":\"hopeboutique.net\"},\"image\":{\"@id\":\"https:\/\/hopeboutique.net\/#\/schema\/logo\/image\/\"},\"sameAs\":[\"https:\/\/www.facebook.com\/HopeBoutique.entreprise\"]}]}<\/script>\n<!-- \/ Yoast SEO plugin. -->","yoast_head_json":{"title":"Automatisation de votre business - hopeboutique.net","robots":{"index":"index","follow":"follow","max-snippet":"max-snippet:-1","max-image-preview":"max-image-preview:large","max-video-preview":"max-video-preview:-1"},"canonical":"https:\/\/hopeboutique.net\/index.php\/produit\/automatisation-de-votre-business\/","og_locale":"fr_FR","og_type":"article","og_title":"Automatisation de votre business - hopeboutique.net","og_description":"Si vous voulez automatiser votre business et que vous ne savez pas comment proc\u00e9der :  Notre \u00e9quipe d'expert est\u00a0 \u00e0 votre service pour automatiser de A \u00e0 Z votre business avec SYSTEME IO. Nous allons le faire\u00a0 en 4 \u00e9tapes \u00e0 savoir : La Visibilit\u00e9 ; L'Int\u00e9r\u00eat ; La D\u00e9cision ; L'Achat . Si vous\u00a0 voulez avoir une plus value dans votre business et gagner : En \u00e9nergie et en argent, je vous sugg\u00e8re d\u2019acc\u00e9der \u00e0 l'expertise de mon \u00e9quipe pour automatiser votre business","og_url":"https:\/\/hopeboutique.net\/index.php\/produit\/automatisation-de-votre-business\/","og_site_name":"hopeboutique.net","article_publisher":"https:\/\/www.facebook.com\/HopeBoutique.entreprise","article_modified_time":"2026-03-31T02:28:44+00:00","og_image":[{"width":1024,"height":576,"url":"https:\/\/hopeboutique.net\/wp-content\/uploads\/2022\/07\/Decouvrez-notre-boutique-en-ligne-1-1024x576.png","type":"image\/png"}],"twitter_card":"summary_large_image","schema":{"@context":"https:\/\/schema.org","@graph":[{"@type":"WebPage","@id":"https:\/\/hopeboutique.net\/index.php\/produit\/automatisation-de-votre-business\/","url":"https:\/\/hopeboutique.net\/index.php\/produit\/automatisation-de-votre-business\/","name":"Automatisation de votre business - hopeboutique.net","isPartOf":{"@id":"https:\/\/hopeboutique.net\/#website"},"primaryImageOfPage":{"@id":"https:\/\/hopeboutique.net\/index.php\/produit\/automatisation-de-votre-business\/#primaryimage"},"image":{"@id":"https:\/\/hopeboutique.net\/index.php\/produit\/automatisation-de-votre-business\/#primaryimage"},"thumbnailUrl":"https:\/\/hopeboutique.net\/wp-content\/uploads\/2022\/07\/Decouvrez-notre-boutique-en-ligne-1.png","datePublished":"2022-07-13T10:03:46+00:00","dateModified":"2026-03-31T02:28:44+00:00","breadcrumb":{"@id":"https:\/\/hopeboutique.net\/index.php\/produit\/automatisation-de-votre-business\/#breadcrumb"},"inLanguage":"fr-FR","potentialAction":[{"@type":"ReadAction","target":["https:\/\/hopeboutique.net\/index.php\/produit\/automatisation-de-votre-business\/"]}]},{"@type":"ImageObject","inLanguage":"fr-FR","@id":"https:\/\/hopeboutique.net\/index.php\/produit\/automatisation-de-votre-business\/#primaryimage","url":"https:\/\/hopeboutique.net\/wp-content\/uploads\/2022\/07\/Decouvrez-notre-boutique-en-ligne-1.png","contentUrl":"https:\/\/hopeboutique.net\/wp-content\/uploads\/2022\/07\/Decouvrez-notre-boutique-en-ligne-1.png","width":1920,"height":1080},{"@type":"BreadcrumbList","@id":"https:\/\/hopeboutique.net\/index.php\/produit\/automatisation-de-votre-business\/#breadcrumb","itemListElement":[{"@type":"ListItem","position":1,"name":"Accueil","item":"https:\/\/hopeboutique.net\/"},{"@type":"ListItem","position":2,"name":"Boutique","item":"https:\/\/hopeboutique.net\/index.php\/boutique\/"},{"@type":"ListItem","position":3,"name":"Automatisation de votre business"}]},{"@type":"WebSite","@id":"https:\/\/hopeboutique.net\/#website","url":"https:\/\/hopeboutique.net\/","name":"hopeboutique.net","description":"Construisez votre avenir ici","publisher":{"@id":"https:\/\/hopeboutique.net\/#organization"},"potentialAction":[{"@type":"SearchAction","target":{"@type":"EntryPoint","urlTemplate":"https:\/\/hopeboutique.net\/?s={search_term_string}"},"query-input":{"@type":"PropertyValueSpecification","valueRequired":true,"valueName":"search_term_string"}}],"inLanguage":"fr-FR"},{"@type":"Organization","@id":"https:\/\/hopeboutique.net\/#organization","name":"hopeboutique.net","url":"https:\/\/hopeboutique.net\/","logo":{"@type":"ImageObject","inLanguage":"fr-FR","@id":"https:\/\/hopeboutique.net\/#\/schema\/logo\/image\/","url":"https:\/\/hopeboutique.net\/wp-content\/uploads\/2022\/07\/logo-2.png","contentUrl":"https:\/\/hopeboutique.net\/wp-content\/uploads\/2022\/07\/logo-2.png","width":108,"height":153,"caption":"hopeboutique.net"},"image":{"@id":"https:\/\/hopeboutique.net\/#\/schema\/logo\/image\/"},"sameAs":["https:\/\/www.facebook.com\/HopeBoutique.entreprise"]}]}},"_links":{"self":[{"href":"https:\/\/hopeboutique.net\/index.php\/wp-json\/wp\/v2\/product\/643","targetHints":{"allow":["GET"]}}],"collection":[{"href":"https:\/\/hopeboutique.net\/index.php\/wp-json\/wp\/v2\/product"}],"about":[{"href":"https:\/\/hopeboutique.net\/index.php\/wp-json\/wp\/v2\/types\/product"}],"replies":[{"embeddable":true,"href":"https:\/\/hopeboutique.net\/index.php\/wp-json\/wp\/v2\/comments?post=643"}],"wp:featuredmedia":[{"embeddable":true,"href":"https:\/\/hopeboutique.net\/index.php\/wp-json\/wp\/v2\/media\/637"}],"wp:attachment":[{"href":"https:\/\/hopeboutique.net\/index.php\/wp-json\/wp\/v2\/media?parent=643"}],"wp:term":[{"taxonomy":"product_brand","embeddable":true,"href":"https:\/\/hopeboutique.net\/index.php\/wp-json\/wp\/v2\/product_brand?post=643"},{"taxonomy":"product_cat","embeddable":true,"href":"https:\/\/hopeboutique.net\/index.php\/wp-json\/wp\/v2\/product_cat?post=643"},{"taxonomy":"product_tag","embeddable":true,"href":"https:\/\/hopeboutique.net\/index.php\/wp-json\/wp\/v2\/product_tag?post=643"}],"curies":[{"name":"wp","href":"https:\/\/api.w.org\/{rel}","templated":true}]}}