{"id":797,"date":"2022-07-15T09:06:41","date_gmt":"2022-07-15T09:06:41","guid":{"rendered":"https:\/\/hopeboutique.net\/?post_type=product&#038;p=797"},"modified":"2026-04-02T07:08:47","modified_gmt":"2026-04-02T07:08:47","slug":"nom-de-domaine-hebergement-et-configuration","status":"publish","type":"product","link":"https:\/\/hopeboutique.net\/index.php\/produit\/nom-de-domaine-hebergement-et-configuration\/","title":{"rendered":"Nom de Domaine, H\u00e9bergement et configuration"},"content":{"rendered":"","protected":false},"excerpt":{"rendered":"<h2 id=\"viewer-473l1\" class=\"eSWI6 _1j-51 _1FoOD _3M0Fe Z63qyL roLFQS public-DraftStyleDefault-block-depth0 fixed-tab-size public-DraftStyleDefault-text-ltr\"><strong>Bonjour,<\/strong><\/h2>\n<p>Si vous avez un soucis pour avoir un nom de domaine , un h\u00e9bergeur fiable ou bien pour configurer votre site internet , sachez que vous \u00eates au bon endroit.<\/p>\n<p>Notre \u00e9quipe vous permet de :<\/p>\n<ol>\n<li><strong>D&rsquo;avoir un nom de domaine ;<\/strong><\/li>\n<li><strong>Rechercher des plateformes d&rsquo;h\u00e9bergement de sites web ;<\/strong><\/li>\n<li><strong>Comparer les types d&rsquo;h\u00e9bergement web ;<\/strong><\/li>\n<li><strong>Choisir un fournisseur de services d&rsquo;h\u00e9bergement web ;<\/strong><\/li>\n<li><strong>Choisir un plan d&rsquo;h\u00e9bergement web ;<\/strong><\/li>\n<li><strong>Configurer votre site web.<\/strong><\/li>\n<\/ol>\n<div data-hook=\"rcv-block7\"><\/div>\n<p class=\"_1j-51 _1FoOD _3M0Fe Z63qyL roLFQS\">\n<p class=\"_1j-51 _1FoOD _3M0Fe Z63qyL roLFQS\">\n<p class=\"_1j-51 _1FoOD _3M0Fe Z63qyL roLFQS\">\n<p class=\"_1j-51 _1FoOD _3M0Fe Z63qyL roLFQS\">\n<p class=\"_1j-51 _1FoOD _3M0Fe Z63qyL roLFQS\">\n","protected":false},"featured_media":798,"comment_status":"open","ping_status":"closed","template":"","meta":{"_eb_attr":"","om_disable_all_campaigns":false,"postBodyCss":"","postBodyMargin":[],"postBodyPadding":[],"postBodyBackground":{"backgroundType":"classic","gradient":""},"_joinchat":[]},"product_brand":[],"product_cat":[17],"product_tag":[],"class_list":{"0":"post-797","1":"product","2":"type-product","3":"status-publish","4":"has-post-thumbnail","6":"product_cat-creation","8":"first","9":"instock","10":"shipping-taxable","11":"purchasable","12":"product-type-simple"},"yoast_head":"<!-- This site is optimized with the Yoast SEO plugin v25.7 - https:\/\/yoast.com\/wordpress\/plugins\/seo\/ -->\n<title>Nom de Domaine, H\u00e9bergement et configuration - hopeboutique.net<\/title>\n<meta name=\"robots\" content=\"index, follow, max-snippet:-1, max-image-preview:large, max-video-preview:-1\" \/>\n<link rel=\"canonical\" href=\"https:\/\/hopeboutique.net\/index.php\/produit\/nom-de-domaine-hebergement-et-configuration\/\" \/>\n<meta property=\"og:locale\" content=\"fr_FR\" \/>\n<meta property=\"og:type\" content=\"article\" \/>\n<meta property=\"og:title\" content=\"Nom de Domaine, H\u00e9bergement et configuration - hopeboutique.net\" \/>\n<meta property=\"og:description\" content=\"Bonjour, Si vous avez un soucis pour avoir un nom de domaine , un h\u00e9bergeur fiable ou bien pour configurer votre site internet , sachez que vous \u00eates au bon endroit.  Notre \u00e9quipe vous permet de :   D&#039;avoir un nom de domaine ;  Rechercher des plateformes d&#039;h\u00e9bergement de sites web ;  Comparer les types d&#039;h\u00e9bergement web ;  Choisir un fournisseur de services d&#039;h\u00e9bergement web ;  Choisir un plan d&#039;h\u00e9bergement web ;  Configurer votre site web.\" \/>\n<meta property=\"og:url\" content=\"https:\/\/hopeboutique.net\/index.php\/produit\/nom-de-domaine-hebergement-et-configuration\/\" \/>\n<meta property=\"og:site_name\" content=\"hopeboutique.net\" \/>\n<meta property=\"article:publisher\" content=\"https:\/\/www.facebook.com\/HopeBoutique.entreprise\" \/>\n<meta property=\"article:modified_time\" content=\"2026-04-02T07:08:47+00:00\" \/>\n<meta property=\"og:image\" content=\"https:\/\/hopeboutique.net\/wp-content\/uploads\/2022\/07\/web-1935737_1920.png\" \/>\n\t<meta property=\"og:image:width\" content=\"1920\" \/>\n\t<meta property=\"og:image:height\" content=\"895\" \/>\n\t<meta property=\"og:image:type\" content=\"image\/png\" \/>\n<meta name=\"twitter:card\" content=\"summary_large_image\" \/>\n<script type=\"application\/ld+json\" class=\"yoast-schema-graph\">{\"@context\":\"https:\/\/schema.org\",\"@graph\":[{\"@type\":\"WebPage\",\"@id\":\"https:\/\/hopeboutique.net\/index.php\/produit\/nom-de-domaine-hebergement-et-configuration\/\",\"url\":\"https:\/\/hopeboutique.net\/index.php\/produit\/nom-de-domaine-hebergement-et-configuration\/\",\"name\":\"Nom de Domaine, H\u00e9bergement et configuration - hopeboutique.net\",\"isPartOf\":{\"@id\":\"https:\/\/hopeboutique.net\/#website\"},\"primaryImageOfPage\":{\"@id\":\"https:\/\/hopeboutique.net\/index.php\/produit\/nom-de-domaine-hebergement-et-configuration\/#primaryimage\"},\"image\":{\"@id\":\"https:\/\/hopeboutique.net\/index.php\/produit\/nom-de-domaine-hebergement-et-configuration\/#primaryimage\"},\"thumbnailUrl\":\"https:\/\/hopeboutique.net\/wp-content\/uploads\/2022\/07\/web-1935737_1920.png\",\"datePublished\":\"2022-07-15T09:06:41+00:00\",\"dateModified\":\"2026-04-02T07:08:47+00:00\",\"breadcrumb\":{\"@id\":\"https:\/\/hopeboutique.net\/index.php\/produit\/nom-de-domaine-hebergement-et-configuration\/#breadcrumb\"},\"inLanguage\":\"fr-FR\",\"potentialAction\":[{\"@type\":\"ReadAction\",\"target\":[\"https:\/\/hopeboutique.net\/index.php\/produit\/nom-de-domaine-hebergement-et-configuration\/\"]}]},{\"@type\":\"ImageObject\",\"inLanguage\":\"fr-FR\",\"@id\":\"https:\/\/hopeboutique.net\/index.php\/produit\/nom-de-domaine-hebergement-et-configuration\/#primaryimage\",\"url\":\"https:\/\/hopeboutique.net\/wp-content\/uploads\/2022\/07\/web-1935737_1920.png\",\"contentUrl\":\"https:\/\/hopeboutique.net\/wp-content\/uploads\/2022\/07\/web-1935737_1920.png\",\"width\":1920,\"height\":895},{\"@type\":\"BreadcrumbList\",\"@id\":\"https:\/\/hopeboutique.net\/index.php\/produit\/nom-de-domaine-hebergement-et-configuration\/#breadcrumb\",\"itemListElement\":[{\"@type\":\"ListItem\",\"position\":1,\"name\":\"Accueil\",\"item\":\"https:\/\/hopeboutique.net\/\"},{\"@type\":\"ListItem\",\"position\":2,\"name\":\"Boutique\",\"item\":\"https:\/\/hopeboutique.net\/index.php\/boutique\/\"},{\"@type\":\"ListItem\",\"position\":3,\"name\":\"Nom de Domaine, H\u00e9bergement et configuration\"}]},{\"@type\":\"WebSite\",\"@id\":\"https:\/\/hopeboutique.net\/#website\",\"url\":\"https:\/\/hopeboutique.net\/\",\"name\":\"hopeboutique.net\",\"description\":\"Construisez votre avenir ici\",\"publisher\":{\"@id\":\"https:\/\/hopeboutique.net\/#organization\"},\"potentialAction\":[{\"@type\":\"SearchAction\",\"target\":{\"@type\":\"EntryPoint\",\"urlTemplate\":\"https:\/\/hopeboutique.net\/?s={search_term_string}\"},\"query-input\":{\"@type\":\"PropertyValueSpecification\",\"valueRequired\":true,\"valueName\":\"search_term_string\"}}],\"inLanguage\":\"fr-FR\"},{\"@type\":\"Organization\",\"@id\":\"https:\/\/hopeboutique.net\/#organization\",\"name\":\"hopeboutique.net\",\"url\":\"https:\/\/hopeboutique.net\/\",\"logo\":{\"@type\":\"ImageObject\",\"inLanguage\":\"fr-FR\",\"@id\":\"https:\/\/hopeboutique.net\/#\/schema\/logo\/image\/\",\"url\":\"https:\/\/hopeboutique.net\/wp-content\/uploads\/2022\/07\/logo-2.png\",\"contentUrl\":\"https:\/\/hopeboutique.net\/wp-content\/uploads\/2022\/07\/logo-2.png\",\"width\":108,\"height\":153,\"caption\":\"hopeboutique.net\"},\"image\":{\"@id\":\"https:\/\/hopeboutique.net\/#\/schema\/logo\/image\/\"},\"sameAs\":[\"https:\/\/www.facebook.com\/HopeBoutique.entreprise\"]}]}<\/script>\n<!-- \/ Yoast SEO plugin. -->","yoast_head_json":{"title":"Nom de Domaine, H\u00e9bergement et configuration - hopeboutique.net","robots":{"index":"index","follow":"follow","max-snippet":"max-snippet:-1","max-image-preview":"max-image-preview:large","max-video-preview":"max-video-preview:-1"},"canonical":"https:\/\/hopeboutique.net\/index.php\/produit\/nom-de-domaine-hebergement-et-configuration\/","og_locale":"fr_FR","og_type":"article","og_title":"Nom de Domaine, H\u00e9bergement et configuration - hopeboutique.net","og_description":"Bonjour, Si vous avez un soucis pour avoir un nom de domaine , un h\u00e9bergeur fiable ou bien pour configurer votre site internet , sachez que vous \u00eates au bon endroit.  Notre \u00e9quipe vous permet de :   D'avoir un nom de domaine ;  Rechercher des plateformes d'h\u00e9bergement de sites web ;  Comparer les types d'h\u00e9bergement web ;  Choisir un fournisseur de services d'h\u00e9bergement web ;  Choisir un plan d'h\u00e9bergement web ;  Configurer votre site web.","og_url":"https:\/\/hopeboutique.net\/index.php\/produit\/nom-de-domaine-hebergement-et-configuration\/","og_site_name":"hopeboutique.net","article_publisher":"https:\/\/www.facebook.com\/HopeBoutique.entreprise","article_modified_time":"2026-04-02T07:08:47+00:00","og_image":[{"width":1920,"height":895,"url":"https:\/\/hopeboutique.net\/wp-content\/uploads\/2022\/07\/web-1935737_1920.png","type":"image\/png"}],"twitter_card":"summary_large_image","schema":{"@context":"https:\/\/schema.org","@graph":[{"@type":"WebPage","@id":"https:\/\/hopeboutique.net\/index.php\/produit\/nom-de-domaine-hebergement-et-configuration\/","url":"https:\/\/hopeboutique.net\/index.php\/produit\/nom-de-domaine-hebergement-et-configuration\/","name":"Nom de Domaine, H\u00e9bergement et configuration - hopeboutique.net","isPartOf":{"@id":"https:\/\/hopeboutique.net\/#website"},"primaryImageOfPage":{"@id":"https:\/\/hopeboutique.net\/index.php\/produit\/nom-de-domaine-hebergement-et-configuration\/#primaryimage"},"image":{"@id":"https:\/\/hopeboutique.net\/index.php\/produit\/nom-de-domaine-hebergement-et-configuration\/#primaryimage"},"thumbnailUrl":"https:\/\/hopeboutique.net\/wp-content\/uploads\/2022\/07\/web-1935737_1920.png","datePublished":"2022-07-15T09:06:41+00:00","dateModified":"2026-04-02T07:08:47+00:00","breadcrumb":{"@id":"https:\/\/hopeboutique.net\/index.php\/produit\/nom-de-domaine-hebergement-et-configuration\/#breadcrumb"},"inLanguage":"fr-FR","potentialAction":[{"@type":"ReadAction","target":["https:\/\/hopeboutique.net\/index.php\/produit\/nom-de-domaine-hebergement-et-configuration\/"]}]},{"@type":"ImageObject","inLanguage":"fr-FR","@id":"https:\/\/hopeboutique.net\/index.php\/produit\/nom-de-domaine-hebergement-et-configuration\/#primaryimage","url":"https:\/\/hopeboutique.net\/wp-content\/uploads\/2022\/07\/web-1935737_1920.png","contentUrl":"https:\/\/hopeboutique.net\/wp-content\/uploads\/2022\/07\/web-1935737_1920.png","width":1920,"height":895},{"@type":"BreadcrumbList","@id":"https:\/\/hopeboutique.net\/index.php\/produit\/nom-de-domaine-hebergement-et-configuration\/#breadcrumb","itemListElement":[{"@type":"ListItem","position":1,"name":"Accueil","item":"https:\/\/hopeboutique.net\/"},{"@type":"ListItem","position":2,"name":"Boutique","item":"https:\/\/hopeboutique.net\/index.php\/boutique\/"},{"@type":"ListItem","position":3,"name":"Nom de Domaine, H\u00e9bergement et configuration"}]},{"@type":"WebSite","@id":"https:\/\/hopeboutique.net\/#website","url":"https:\/\/hopeboutique.net\/","name":"hopeboutique.net","description":"Construisez votre avenir ici","publisher":{"@id":"https:\/\/hopeboutique.net\/#organization"},"potentialAction":[{"@type":"SearchAction","target":{"@type":"EntryPoint","urlTemplate":"https:\/\/hopeboutique.net\/?s={search_term_string}"},"query-input":{"@type":"PropertyValueSpecification","valueRequired":true,"valueName":"search_term_string"}}],"inLanguage":"fr-FR"},{"@type":"Organization","@id":"https:\/\/hopeboutique.net\/#organization","name":"hopeboutique.net","url":"https:\/\/hopeboutique.net\/","logo":{"@type":"ImageObject","inLanguage":"fr-FR","@id":"https:\/\/hopeboutique.net\/#\/schema\/logo\/image\/","url":"https:\/\/hopeboutique.net\/wp-content\/uploads\/2022\/07\/logo-2.png","contentUrl":"https:\/\/hopeboutique.net\/wp-content\/uploads\/2022\/07\/logo-2.png","width":108,"height":153,"caption":"hopeboutique.net"},"image":{"@id":"https:\/\/hopeboutique.net\/#\/schema\/logo\/image\/"},"sameAs":["https:\/\/www.facebook.com\/HopeBoutique.entreprise"]}]}},"_links":{"self":[{"href":"https:\/\/hopeboutique.net\/index.php\/wp-json\/wp\/v2\/product\/797","targetHints":{"allow":["GET"]}}],"collection":[{"href":"https:\/\/hopeboutique.net\/index.php\/wp-json\/wp\/v2\/product"}],"about":[{"href":"https:\/\/hopeboutique.net\/index.php\/wp-json\/wp\/v2\/types\/product"}],"replies":[{"embeddable":true,"href":"https:\/\/hopeboutique.net\/index.php\/wp-json\/wp\/v2\/comments?post=797"}],"wp:featuredmedia":[{"embeddable":true,"href":"https:\/\/hopeboutique.net\/index.php\/wp-json\/wp\/v2\/media\/798"}],"wp:attachment":[{"href":"https:\/\/hopeboutique.net\/index.php\/wp-json\/wp\/v2\/media?parent=797"}],"wp:term":[{"taxonomy":"product_brand","embeddable":true,"href":"https:\/\/hopeboutique.net\/index.php\/wp-json\/wp\/v2\/product_brand?post=797"},{"taxonomy":"product_cat","embeddable":true,"href":"https:\/\/hopeboutique.net\/index.php\/wp-json\/wp\/v2\/product_cat?post=797"},{"taxonomy":"product_tag","embeddable":true,"href":"https:\/\/hopeboutique.net\/index.php\/wp-json\/wp\/v2\/product_tag?post=797"}],"curies":[{"name":"wp","href":"https:\/\/api.w.org\/{rel}","templated":true}]}}